{"id":103,"date":"2020-04-23T12:54:01","date_gmt":"2020-04-23T10:54:01","guid":{"rendered":"https:\/\/www.barbaralust.at\/?page_id=103"},"modified":"2024-01-31T13:30:03","modified_gmt":"2024-01-31T12:30:03","slug":"minuten-bloecke","status":"publish","type":"page","link":"https:\/\/www.barbaralust.at\/?page_id=103","title":{"rendered":"Minuten-Bl\u00f6cke"},"content":{"rendered":"<p dir=\"ltr\"><strong>1 Minute<\/strong> Video-Link oder Pr\u00e4senzstunde kostet in einem Minuten-Block daher <strong>0,17\u20ac<\/strong> (inkl. MWSt.).<\/p>\n<p class=\"zfr3Q\" dir=\"ltr\">Die flexiblen <strong>Minuten-Bl\u00f6cke<\/strong> beinhalten mindestens 180 Minuten Training = 30,60\u20ac.<\/p>\n<p dir=\"ltr\">Wer ausschliesslich in <strong>Pr\u00e4senzstunden<\/strong> kommen will, w\u00e4hlt am besten ein <strong>Vielfaches von 60 0der 90 Minuten<\/strong>, zum Beispiel:<\/p>\n<p dir=\"ltr\">5 x 60 = 300 Minuten = 51\u20ac<\/p>\n<p dir=\"ltr\">5 x 90 = 450 Minuten = 76,50\u20ac<\/p>\n<p dir=\"ltr\">6 x 90 = 540 Minuten = 91,80\u20ac<\/p>\n<p dir=\"ltr\">10 x 60 = 600 Minuten = 102\u20ac<\/p>\n<p dir=\"ltr\">10 x 90 = 900 Minuten = 153\u20ac<\/p>\n<p dir=\"ltr\"><em>Ein Minuten-Block ist zeitlich unbegrenzt g\u00fcltig und nicht personengebunden, man kann also jemanden mitnehmen oder den Block auch weitergeben (und mir das mitteilen).<br \/>\n<\/em><\/p>\n<p class=\"zfr3Q\" dir=\"ltr\"><strong>Dieses Produkt ist virtuell &#8211; es wird kein physischer Block \u00fcbergeben.<\/strong><\/p>\n<p class=\"zfr3Q\" dir=\"ltr\"><em>Gekaufte Bl\u00f6cke werden sowohl von mir als auch von den K\u00e4uferInnen verwaltet. Wir f\u00fchren jeweils eine Tabelle, und ziehen gebuchte Minuten vom jeweiligen Block ab.<br \/>\n<\/em><\/p>\n<p dir=\"ltr\"><img loading=\"lazy\" decoding=\"async\" class=\"alignnone size-medium wp-image-84\" src=\"https:\/\/www.barbaralust.at\/wp-content\/uploads\/2020\/04\/90982749_10158106363034784_5007288042948395008_o-300x300.jpg\" alt=\"\" width=\"300\" height=\"300\" srcset=\"https:\/\/www.barbaralust.at\/wp-content\/uploads\/2020\/04\/90982749_10158106363034784_5007288042948395008_o-300x300.jpg 300w, https:\/\/www.barbaralust.at\/wp-content\/uploads\/2020\/04\/90982749_10158106363034784_5007288042948395008_o-150x150.jpg 150w, https:\/\/www.barbaralust.at\/wp-content\/uploads\/2020\/04\/90982749_10158106363034784_5007288042948395008_o-768x768.jpg 768w, https:\/\/www.barbaralust.at\/wp-content\/uploads\/2020\/04\/90982749_10158106363034784_5007288042948395008_o.jpg 960w\" sizes=\"auto, (max-width: 300px) 100vw, 300px\" \/><\/p>\n","protected":false},"excerpt":{"rendered":"<p>1 Minute Video-Link oder Pr\u00e4senzstunde kostet in einem Minuten-Block daher 0,17\u20ac (inkl. MWSt.). Die flexiblen Minuten-Bl\u00f6cke beinhalten mindestens 180 Minuten Training = 30,60\u20ac. Wer ausschliesslich in Pr\u00e4senzstunden kommen will, w\u00e4hlt [&hellip;]<\/p>\n","protected":false},"author":1,"featured_media":0,"parent":0,"menu_order":0,"comment_status":"closed","ping_status":"closed","template":"","meta":{"footnotes":""},"class_list":["post-103","page","type-page","status-publish","hentry"],"_links":{"self":[{"href":"https:\/\/www.barbaralust.at\/index.php?rest_route=\/wp\/v2\/pages\/103","targetHints":{"allow":["GET"]}}],"collection":[{"href":"https:\/\/www.barbaralust.at\/index.php?rest_route=\/wp\/v2\/pages"}],"about":[{"href":"https:\/\/www.barbaralust.at\/index.php?rest_route=\/wp\/v2\/types\/page"}],"author":[{"embeddable":true,"href":"https:\/\/www.barbaralust.at\/index.php?rest_route=\/wp\/v2\/users\/1"}],"replies":[{"embeddable":true,"href":"https:\/\/www.barbaralust.at\/index.php?rest_route=%2Fwp%2Fv2%2Fcomments&post=103"}],"version-history":[{"count":18,"href":"https:\/\/www.barbaralust.at\/index.php?rest_route=\/wp\/v2\/pages\/103\/revisions"}],"predecessor-version":[{"id":29078,"href":"https:\/\/www.barbaralust.at\/index.php?rest_route=\/wp\/v2\/pages\/103\/revisions\/29078"}],"wp:attachment":[{"href":"https:\/\/www.barbaralust.at\/index.php?rest_route=%2Fwp%2Fv2%2Fmedia&parent=103"}],"curies":[{"name":"wp","href":"https:\/\/api.w.org\/{rel}","templated":true}]}}