{"id":1115,"date":"2020-07-24T16:56:13","date_gmt":"2020-07-24T14:56:13","guid":{"rendered":"https:\/\/www.barbaralust.at\/?page_id=1115"},"modified":"2026-04-08T22:30:04","modified_gmt":"2026-04-08T20:30:04","slug":"liste-aller-verfuegbaren-videos","status":"publish","type":"page","link":"https:\/\/www.barbaralust.at\/?page_id=1115","title":{"rendered":"Tabelle mit allen verf\u00fcgbaren Videos"},"content":{"rendered":"<p>Alle derzeit erh\u00e4ltlichen Online-Videos in Tabellenform, nach Titel, Dauer, und Zusatzger\u00e4ten auf- und absteigend sortierbar.<\/p>\n<p>Hier ist die <strong>aktuelle Video-Tabelle:<\/strong><\/p>\n<p><strong><a href=\"https:\/\/www.barbaralust.at\/wp-content\/uploads\/2026\/04\/Online-Videos.xlsx\">Online-Videos<\/a> &#8211; Stand 08.04.2026<\/strong><\/p>\n<p>Hier geht\u00b4s zur <a href=\"https:\/\/www.barbaralust.at\/?page_id=2343\">\u00dcbersicht \u00fcber die Video-Inhalte<\/a>.<\/p>\n<p>Hier gibt es kurze Clips einiger Videos, um einen Eindruck zu bekommen: <a href=\"https:\/\/www.barbaralust.at\/?page_id=2364\">Teaser-Videos<\/a>.<\/p>\n<p><img loading=\"lazy\" decoding=\"async\" class=\"alignnone size-medium wp-image-1770\" src=\"https:\/\/www.barbaralust.at\/wp-content\/uploads\/2020\/10\/120761923_3529711880383276_8445253591767652179_n-300x300.jpg\" alt=\"\" width=\"300\" height=\"300\" srcset=\"https:\/\/www.barbaralust.at\/wp-content\/uploads\/2020\/10\/120761923_3529711880383276_8445253591767652179_n-300x300.jpg 300w, https:\/\/www.barbaralust.at\/wp-content\/uploads\/2020\/10\/120761923_3529711880383276_8445253591767652179_n-150x150.jpg 150w, https:\/\/www.barbaralust.at\/wp-content\/uploads\/2020\/10\/120761923_3529711880383276_8445253591767652179_n.jpg 640w\" sizes=\"auto, (max-width: 300px) 100vw, 300px\" \/><\/p>\n","protected":false},"excerpt":{"rendered":"<p>Alle derzeit erh\u00e4ltlichen Online-Videos in Tabellenform, nach Titel, Dauer, und Zusatzger\u00e4ten auf- und absteigend sortierbar. Hier ist die aktuelle Video-Tabelle: Online-Videos &#8211; Stand 08.04.2026 Hier geht\u00b4s zur \u00dcbersicht \u00fcber die [&hellip;]<\/p>\n","protected":false},"author":1,"featured_media":0,"parent":0,"menu_order":0,"comment_status":"closed","ping_status":"closed","template":"","meta":{"footnotes":""},"class_list":["post-1115","page","type-page","status-publish","hentry"],"_links":{"self":[{"href":"https:\/\/www.barbaralust.at\/index.php?rest_route=\/wp\/v2\/pages\/1115","targetHints":{"allow":["GET"]}}],"collection":[{"href":"https:\/\/www.barbaralust.at\/index.php?rest_route=\/wp\/v2\/pages"}],"about":[{"href":"https:\/\/www.barbaralust.at\/index.php?rest_route=\/wp\/v2\/types\/page"}],"author":[{"embeddable":true,"href":"https:\/\/www.barbaralust.at\/index.php?rest_route=\/wp\/v2\/users\/1"}],"replies":[{"embeddable":true,"href":"https:\/\/www.barbaralust.at\/index.php?rest_route=%2Fwp%2Fv2%2Fcomments&post=1115"}],"version-history":[{"count":271,"href":"https:\/\/www.barbaralust.at\/index.php?rest_route=\/wp\/v2\/pages\/1115\/revisions"}],"predecessor-version":[{"id":31938,"href":"https:\/\/www.barbaralust.at\/index.php?rest_route=\/wp\/v2\/pages\/1115\/revisions\/31938"}],"wp:attachment":[{"href":"https:\/\/www.barbaralust.at\/index.php?rest_route=%2Fwp%2Fv2%2Fmedia&parent=1115"}],"curies":[{"name":"wp","href":"https:\/\/api.w.org\/{rel}","templated":true}]}}