{"id":133,"date":"2020-04-23T17:31:46","date_gmt":"2020-04-23T15:31:46","guid":{"rendered":"https:\/\/www.barbaralust.at\/?page_id=133"},"modified":"2024-06-26T10:42:33","modified_gmt":"2024-06-26T08:42:33","slug":"online-kurskarten","status":"publish","type":"page","link":"https:\/\/www.barbaralust.at\/?page_id=133","title":{"rendered":"Kurskarten"},"content":{"rendered":"<p>Kurskarten sind die <strong>g\u00fcnstigste M\u00f6glichkeit<\/strong>, mit mir zu trainieren,\u00a0<strong><span style=\"color: #0000ff;\"><a style=\"color: #0000ff;\" href=\"https:\/\/www.barbaralust.at\/?page_id=43\">per Video-Link<\/a><\/span><\/strong><span style=\"color: #0000ff;\"> oder <\/span><strong><span style=\"color: #0000ff;\"><a href=\"https:\/\/www.barbaralust.at\/?page_id=6751\">pr\u00e4sent<\/a><\/span><\/strong>.<\/p>\n<p><strong>Hier die <a href=\"https:\/\/www.barbaralust.at\/?page_id=6751\">Pr\u00e4senz<\/a>-Kurskarte f\u00fcr Juli 2024:<\/strong><\/p>\n<p><strong><a href=\"https:\/\/www.barbaralust.at\/?page_id=28309\">Workout @ Praterstern<\/a> Juli 2024:<\/strong> 01.07.\/08.07.\/15.07.\/22.07.\/29.07.2024 (<strong>Kurskarte<\/strong> 5x 10\u20ac = <strong>50\u20ac)<\/strong><\/p>\n<p><strong><em>F\u00fcr Pr\u00e4senzeinheiten bleibe ich bei der monatlichen Abrechnung. Online-Kurskarten k\u00f6nnen auch f\u00fcr l\u00e4ngere\/k\u00fcrzere Zeitr\u00e4ume gebucht werden.<\/em><br \/>\n<\/strong><\/p>\n<p>Man entscheidet sich f\u00fcr einen <strong>bestimmten Tag der Woche<\/strong>, bezahlt im Voraus, und ist dann sozusagen selbst f\u00fcr die Durchf\u00fchrung bzw. das Erscheinen verantwortlich.<\/p>\n<p>W\u00e4hrend ich bei <strong>Online-Kurskarten<\/strong> sehr flexibel bin (Verschiebungen, Guthaben bei Krankheit, Tage auslassen), <strong>so gibt es bei reinen Pr\u00e4senz-Kurskarten seit Juli keine Ausnahmen mehr<\/strong>. Es kann jeweils nur der ganze Monat gebucht werden, bei Nicht-Erscheinen gibt es grunds\u00e4tzlich kein Guthaben. <strong>Es ist aber immer m\u00f6glich, zeitnah einen Video-Link als Ersatz zu erhalten.<\/strong><\/p>\n<p><strong>Weitere Infos zu den Online-Kurskarten:<\/strong><\/p>\n<p><em>Ich versende die Links f\u00fcr Online-Kurskarten f\u00fcr den jeweiligen Kurstag gegen 09:30. Die Links sind f\u00fcr den gebuchten Kurstag g\u00fcltig, ich l\u00f6sche sie am Folgetag (sicher nicht vor 09:30 &#8211; wer gern sehr fr\u00fch am Morgen trainiert, hat bis zum Vormittag des Folgetages Zeit).<\/em><\/p>\n<p>Kurskarten gibt es grunds\u00e4tzlich f\u00fcr alle <a href=\"https:\/\/www.barbaralust.at\/?page_id=43\"><strong>Online-Videos<\/strong><\/a>. Bestimmte Serien eignen sich besonders f\u00fcr eine Kurskarte. Das sind vor allem jene, deren Dauer genormt ist, wie zum Beispiel alle <strong><a href=\"https:\/\/www.barbaralust.at\/?page_id=2877\">Workouts<\/a><\/strong>\u00a0(Cardio &amp; Kraft, 60 oder 90 Minuten) und <strong><a href=\"https:\/\/www.barbaralust.at\/?page_id=2923\">Bodywork<\/a><\/strong>\u00a0(Kraft), aber auch <strong><a href=\"https:\/\/www.barbaralust.at\/?page_id=2873\">Bauch-Beine-Po<\/a><\/strong>\u00a0und <strong><a href=\"https:\/\/www.barbaralust.at\/?page_id=3400\">Stretch &amp; Tone<\/a><\/strong>, oder\u00a0<strong><a href=\"https:\/\/www.barbaralust.at\/?page_id=2932\">Cardio HiLo<\/a><\/strong> (reines Ausdauertraining), sowie die 4 lockereren Varianten der Workouts, <a href=\"https:\/\/www.barbaralust.at\/?page_id=2863\"><strong>Basic Workout<\/strong><\/a>, <a href=\"https:\/\/www.barbaralust.at\/?page_id=2950\"><strong>LIWH<\/strong><\/a>, <strong><a href=\"https:\/\/www.barbaralust.at\/?page_id=3328\">Workout Mix<\/a><\/strong>, und <strong><a href=\"https:\/\/www.barbaralust.at\/?page_id=3311\">Easy Step &amp; Tone<\/a><\/strong>. Jetzt im Sommer w\u00e4re ausserdem die neue <strong><a href=\"https:\/\/www.barbaralust.at\/?page_id=2944\">Floorwork<\/a><\/strong>-Serie (Bodywork am Boden) passend. <strong>Auch eine Kombination mehrerer Serien f\u00fcr eine Kurskarte ist m\u00f6glich.<\/strong><\/p>\n<p><strong>Einzeltag in Kurskarte 60 Minuten:<\/strong> 7\u20ac<\/p>\n<p><strong>Einzeltag in Kurskarte 90 Minuten:<\/strong> 10\u20ac<\/p>\n<p>F\u00fcr eine <a href=\"https:\/\/www.barbaralust.at\/?page_id=43\">Video-Link<\/a>-Kurskarte mit 60 Minuten sind das pro Monat <strong>28\u20ac\/35\u20ac<\/strong>, je nach Tag.<\/p>\n<p>F\u00fcr eine <a href=\"https:\/\/www.barbaralust.at\/?page_id=43\">Video-Link<\/a>-Kurskarte mit 90 Minuten sind das pro Monat <strong>40\u20ac\/50\u20ac<\/strong>, je nach Tag.<\/p>\n<p><span style=\"color: #0000ff;\"><strong>Anmeldung und Buchung: <a href=\"mailto:barbara.lust@icloud.com\">barbara.lust@icloud.com<\/a><br \/>\n<\/strong><\/span><\/p>\n<p><img loading=\"lazy\" decoding=\"async\" class=\"alignnone wp-image-3837 size-full\" src=\"https:\/\/www.barbaralust.at\/wp-content\/uploads\/2021\/04\/170675202_4069417786412680_4606616728003261527_n.jpg\" alt=\"\" width=\"640\" height=\"640\" srcset=\"https:\/\/www.barbaralust.at\/wp-content\/uploads\/2021\/04\/170675202_4069417786412680_4606616728003261527_n.jpg 640w, https:\/\/www.barbaralust.at\/wp-content\/uploads\/2021\/04\/170675202_4069417786412680_4606616728003261527_n-300x300.jpg 300w, https:\/\/www.barbaralust.at\/wp-content\/uploads\/2021\/04\/170675202_4069417786412680_4606616728003261527_n-150x150.jpg 150w\" sizes=\"auto, (max-width: 640px) 100vw, 640px\" \/><\/p>\n","protected":false},"excerpt":{"rendered":"<p>Kurskarten sind die g\u00fcnstigste M\u00f6glichkeit, mit mir zu trainieren,\u00a0per Video-Link oder pr\u00e4sent. Hier die Pr\u00e4senz-Kurskarte f\u00fcr Juli 2024: Workout @ Praterstern Juli 2024: 01.07.\/08.07.\/15.07.\/22.07.\/29.07.2024 (Kurskarte 5x 10\u20ac = 50\u20ac) F\u00fcr [&hellip;]<\/p>\n","protected":false},"author":1,"featured_media":0,"parent":0,"menu_order":0,"comment_status":"closed","ping_status":"closed","template":"","meta":{"footnotes":""},"class_list":["post-133","page","type-page","status-publish","hentry"],"_links":{"self":[{"href":"https:\/\/www.barbaralust.at\/index.php?rest_route=\/wp\/v2\/pages\/133","targetHints":{"allow":["GET"]}}],"collection":[{"href":"https:\/\/www.barbaralust.at\/index.php?rest_route=\/wp\/v2\/pages"}],"about":[{"href":"https:\/\/www.barbaralust.at\/index.php?rest_route=\/wp\/v2\/types\/page"}],"author":[{"embeddable":true,"href":"https:\/\/www.barbaralust.at\/index.php?rest_route=\/wp\/v2\/users\/1"}],"replies":[{"embeddable":true,"href":"https:\/\/www.barbaralust.at\/index.php?rest_route=%2Fwp%2Fv2%2Fcomments&post=133"}],"version-history":[{"count":89,"href":"https:\/\/www.barbaralust.at\/index.php?rest_route=\/wp\/v2\/pages\/133\/revisions"}],"predecessor-version":[{"id":29943,"href":"https:\/\/www.barbaralust.at\/index.php?rest_route=\/wp\/v2\/pages\/133\/revisions\/29943"}],"wp:attachment":[{"href":"https:\/\/www.barbaralust.at\/index.php?rest_route=%2Fwp%2Fv2%2Fmedia&parent=133"}],"curies":[{"name":"wp","href":"https:\/\/api.w.org\/{rel}","templated":true}]}}