{"id":252,"date":"2020-04-24T12:18:07","date_gmt":"2020-04-24T10:18:07","guid":{"rendered":"https:\/\/www.barbaralust.at\/?page_id=252"},"modified":"2023-03-24T11:11:49","modified_gmt":"2023-03-24T10:11:49","slug":"newsletter","status":"publish","type":"page","link":"https:\/\/www.barbaralust.at\/?page_id=252","title":{"rendered":"Newsletter"},"content":{"rendered":"<p>Achtung, schaut f\u00fcr das Best\u00e4tigungsmail bitte auch im Spam-Ordner nach und markiert das Mail gegebenenfalls als &#8222;Kein Spam&#8220;. Ihr m\u00fcsst den Newsletter-Bestellung noch best\u00e4tigen! Gebt den Absender zu euren Kontakten!<\/p>\n<script>(function() {\n\twindow.mc4wp = window.mc4wp || {\n\t\tlisteners: [],\n\t\tforms: {\n\t\t\ton: function(evt, cb) {\n\t\t\t\twindow.mc4wp.listeners.push(\n\t\t\t\t\t{\n\t\t\t\t\t\tevent   : evt,\n\t\t\t\t\t\tcallback: cb\n\t\t\t\t\t}\n\t\t\t\t);\n\t\t\t}\n\t\t}\n\t}\n})();\n<\/script><!-- Mailchimp for WordPress v4.12.5 - https:\/\/wordpress.org\/plugins\/mailchimp-for-wp\/ --><form id=\"mc4wp-form-1\" class=\"mc4wp-form mc4wp-form-1177\" method=\"post\" data-id=\"1177\" data-name=\"Newsletter\" ><div class=\"mc4wp-form-fields\"><p>\n\t<label>E-Mail-Adresse: \n\t\t<input type=\"email\" name=\"EMAIL\" placeholder=\"Deine E-Mail Adresse\" required \/>\n<\/label>\n<\/p>\n\n<p>\n\t<input type=\"submit\" value=\"Registrieren\" \/>\n<\/p><\/div><label style=\"display: none !important;\">Wenn du ein Mensch bist, lasse das Feld leer: <input type=\"text\" name=\"_mc4wp_honeypot\" value=\"\" tabindex=\"-1\" autocomplete=\"off\" \/><\/label><input type=\"hidden\" name=\"_mc4wp_timestamp\" value=\"1778507732\" \/><input type=\"hidden\" name=\"_mc4wp_form_id\" value=\"1177\" \/><input type=\"hidden\" name=\"_mc4wp_form_element_id\" value=\"mc4wp-form-1\" \/><div class=\"mc4wp-response\"><\/div><\/form><!-- \/ Mailchimp for WordPress Plugin -->\n<p><img loading=\"lazy\" decoding=\"async\" class=\"alignnone size-medium wp-image-3150\" src=\"https:\/\/www.barbaralust.at\/wp-content\/uploads\/2021\/01\/140211252_3839233539431107_2487341705907342139_n-300x300.jpg\" alt=\"\" width=\"300\" height=\"300\" srcset=\"https:\/\/www.barbaralust.at\/wp-content\/uploads\/2021\/01\/140211252_3839233539431107_2487341705907342139_n-300x300.jpg 300w, https:\/\/www.barbaralust.at\/wp-content\/uploads\/2021\/01\/140211252_3839233539431107_2487341705907342139_n-150x150.jpg 150w, https:\/\/www.barbaralust.at\/wp-content\/uploads\/2021\/01\/140211252_3839233539431107_2487341705907342139_n.jpg 640w\" sizes=\"auto, (max-width: 300px) 100vw, 300px\" \/><\/p>\n","protected":false},"excerpt":{"rendered":"<p>Achtung, schaut f\u00fcr das Best\u00e4tigungsmail bitte auch im Spam-Ordner nach und markiert das Mail gegebenenfalls als &#8222;Kein Spam&#8220;. Ihr m\u00fcsst den Newsletter-Bestellung noch best\u00e4tigen! Gebt den Absender zu euren Kontakten!<\/p>\n","protected":false},"author":1,"featured_media":0,"parent":0,"menu_order":0,"comment_status":"closed","ping_status":"closed","template":"","meta":{"footnotes":""},"class_list":["post-252","page","type-page","status-publish","hentry"],"_links":{"self":[{"href":"https:\/\/www.barbaralust.at\/index.php?rest_route=\/wp\/v2\/pages\/252","targetHints":{"allow":["GET"]}}],"collection":[{"href":"https:\/\/www.barbaralust.at\/index.php?rest_route=\/wp\/v2\/pages"}],"about":[{"href":"https:\/\/www.barbaralust.at\/index.php?rest_route=\/wp\/v2\/types\/page"}],"author":[{"embeddable":true,"href":"https:\/\/www.barbaralust.at\/index.php?rest_route=\/wp\/v2\/users\/1"}],"replies":[{"embeddable":true,"href":"https:\/\/www.barbaralust.at\/index.php?rest_route=%2Fwp%2Fv2%2Fcomments&post=252"}],"version-history":[{"count":5,"href":"https:\/\/www.barbaralust.at\/index.php?rest_route=\/wp\/v2\/pages\/252\/revisions"}],"predecessor-version":[{"id":27444,"href":"https:\/\/www.barbaralust.at\/index.php?rest_route=\/wp\/v2\/pages\/252\/revisions\/27444"}],"wp:attachment":[{"href":"https:\/\/www.barbaralust.at\/index.php?rest_route=%2Fwp%2Fv2%2Fmedia&parent=252"}],"curies":[{"name":"wp","href":"https:\/\/api.w.org\/{rel}","templated":true}]}}