{"id":29288,"date":"2024-02-17T12:47:31","date_gmt":"2024-02-17T11:47:31","guid":{"rendered":"https:\/\/www.barbaralust.at\/?page_id=29288"},"modified":"2024-02-17T12:49:38","modified_gmt":"2024-02-17T11:49:38","slug":"stretching-5","status":"publish","type":"page","link":"https:\/\/www.barbaralust.at\/?page_id=29288","title":{"rendered":"Stretching"},"content":{"rendered":"<p><strong><a href=\"https:\/\/www.barbaralust.at\/?page_id=3228\">Split-Training<\/a>:<\/strong> Training f\u00fcr den Spagat, mittleres bis fortgeschrittenes Level.<strong><br \/>\n<\/strong><\/p>\n<p><strong><a href=\"https:\/\/www.barbaralust.at\/?page_id=3400\">Stretch &amp; Tone, 60 Minuten<\/a>:<\/strong> Ganzk\u00f6rperstretch (Gesundheitsdehnen) und \u00dcbungen f\u00fcr die Haltemuskulatur.<\/p>\n<p><strong><a href=\"https:\/\/www.barbaralust.at\/?page_id=3231\">Stretching<\/a>:<\/strong> reine Dehn-Trainings.<strong><br \/>\n<\/strong><\/p>\n","protected":false},"excerpt":{"rendered":"<p>Split-Training: Training f\u00fcr den Spagat, mittleres bis fortgeschrittenes Level. Stretch &amp; Tone, 60 Minuten: Ganzk\u00f6rperstretch (Gesundheitsdehnen) und \u00dcbungen f\u00fcr die Haltemuskulatur. Stretching: reine Dehn-Trainings.<\/p>\n","protected":false},"author":1,"featured_media":0,"parent":0,"menu_order":0,"comment_status":"closed","ping_status":"closed","template":"","meta":{"footnotes":""},"class_list":["post-29288","page","type-page","status-publish","hentry"],"_links":{"self":[{"href":"https:\/\/www.barbaralust.at\/index.php?rest_route=\/wp\/v2\/pages\/29288","targetHints":{"allow":["GET"]}}],"collection":[{"href":"https:\/\/www.barbaralust.at\/index.php?rest_route=\/wp\/v2\/pages"}],"about":[{"href":"https:\/\/www.barbaralust.at\/index.php?rest_route=\/wp\/v2\/types\/page"}],"author":[{"embeddable":true,"href":"https:\/\/www.barbaralust.at\/index.php?rest_route=\/wp\/v2\/users\/1"}],"replies":[{"embeddable":true,"href":"https:\/\/www.barbaralust.at\/index.php?rest_route=%2Fwp%2Fv2%2Fcomments&post=29288"}],"version-history":[{"count":2,"href":"https:\/\/www.barbaralust.at\/index.php?rest_route=\/wp\/v2\/pages\/29288\/revisions"}],"predecessor-version":[{"id":29291,"href":"https:\/\/www.barbaralust.at\/index.php?rest_route=\/wp\/v2\/pages\/29288\/revisions\/29291"}],"wp:attachment":[{"href":"https:\/\/www.barbaralust.at\/index.php?rest_route=%2Fwp%2Fv2%2Fmedia&parent=29288"}],"curies":[{"name":"wp","href":"https:\/\/api.w.org\/{rel}","templated":true}]}}