{"id":3246,"date":"2021-01-31T11:40:11","date_gmt":"2021-01-31T10:40:11","guid":{"rendered":"https:\/\/www.barbaralust.at\/?page_id=3246"},"modified":"2026-02-11T19:33:58","modified_gmt":"2026-02-11T18:33:58","slug":"workouts-mit-step-90-minuten","status":"publish","type":"page","link":"https:\/\/www.barbaralust.at\/?page_id=3246","title":{"rendered":"Workouts mit Step, 90 Minuten"},"content":{"rendered":"<p><strong>Der 90-Minuten-Klassiker mit dem Step.<\/strong><\/p>\n<p><em><a href=\"https:\/\/www.barbaralust.at\/?page_id=3249\">Hier<\/a>\u00a0geht es zur 60-Minuten-Version.<\/em><\/p>\n<p><strong>Cardio-Training mit dem Step<\/strong> (Freestyle, Intervalle, basic Choreos), anschliessend <strong>\u00dcbungen im Stehen, Floorwork, kurzer Stretch<\/strong>.<\/p>\n<p>F\u00fcr die \u00dcbungen verwende ich den <strong>Step<\/strong> und das <strong>klassische Equipment, Hanteln, Fussmanschetten, Elastiband, Theraband, Ringband und optional einen Pilatesring<\/strong>. F\u00fcr manche Folgen braucht man 1-2 <strong>&#8222;Slides&#8220;<\/strong>, also Waschlappen f\u00fcr Parkett oder Pappteller f\u00fcr Teppich.<\/p>\n<p><em>Derzeit erh\u00e4ltiche Folgen (Cardio-Teil und besondere Ger\u00e4te als Beschreibung):<br \/>\n<\/em><\/p>\n<p><strong>Workout mit Step Folge 05, 90 Minuten<\/strong> &#8211; Choreo basic am vertikalen Step (Hochformat)<\/p>\n<p><strong>Workout mit Step Folge 06, 90 Minuten<\/strong> &#8211; Intervalle am horizontalen Step (Hochformat)<\/p>\n<p><strong>Workout mit Step Folge 07, 90 Minuten<\/strong> &#8211; Freestyle am horizontalen Step (Hochformat)<\/p>\n<p><strong>Workout mit Step Folge 08, 90 Minuten<\/strong> &#8211; Choreo basic im Straddle = \u00fcber dem vertikalen Step (Hochformat)<\/p>\n<p><strong>Workout mit Step Folge 09, 90 Minuten<\/strong> &#8211; nur mit Elastiband und Fussmanschetten, Choreo basic am horizontalen Step (Querformat)<\/p>\n<p><strong>Workout mit Step Folge 10, 90 Minuten<\/strong> &#8211; &#8222;Over&#8220;-Combis am vertikalen Step (Querformat)<\/p>\n<p><strong>Workout mit Step Folge 11, 90 Minuten<\/strong> &#8211; Freestyle am horizontalen Step (Querformat)<\/p>\n<p><strong>Workout mit Step Folge 12, 90 Minuten<\/strong> &#8211; mit Slides, Choreo basic am horizontalen Step (Querformat)<\/p>\n<p><strong>Workout mit Step Folge 13, 90 Minuten<\/strong> &#8211; Intervalle am hohen Step: Warm Up 128 BPM, High Step 120 BPM, Treppensteiger 132 BPM (Querformat)<\/p>\n<p><strong>Workout mit Step Folge 14, 90 Minuten<\/strong> &#8211; Basic Choreo im Straddle, Schritte \u00fcber dem vertikalen Step (Querformat)<\/p>\n<p><strong>Workout mit Step Folge 15, 90 Minuten<\/strong> &#8211; \u201eAcross\u201c-Combis am langen = horizontalen Step (Querformat)<\/p>\n<p><strong>Workout mit Step Folge 16, 90 Minuten<\/strong> &#8211; nur mit Hanteln und Fussmanschetten, Choreo basic am horizontalen Step (Querformat)<\/p>\n<p><strong>Workout mit Step Folge 17, 90 Minuten<\/strong> &#8211; nur mit Elastiband, Theraband und Ringband, Curl Hop Turns und Mambos am vertikalen Step (Querformat)<\/p>\n<p><strong>Workout mit Step Folge 18, 90 Minuten<\/strong> &#8211; einfache Hebeschritt-Abfolge mit Overs \u00fcber den vertikalen Step (Querformat)<\/p>\n<p><strong>Workout mit Step Folge 19, 90 Minuten<\/strong> &#8211; Choreo basic am horizontalen Step (Querformat)<\/p>\n<p><strong>Workout mit Step Folge 20, 90 Minuten<\/strong> &#8211; Intervalle am horizontalen Step (Basic Jog, Mambo, V-Step, Lunges) (Querformat)<\/p>\n<p><strong>Workout mit Step Folge 21, 90 Minuten<\/strong> &#8211; Choreo basic am horizontalen Step (Querformat)<\/p>\n<p><img loading=\"lazy\" decoding=\"async\" class=\"alignnone wp-image-6462 size-full\" src=\"https:\/\/www.barbaralust.at\/wp-content\/uploads\/2022\/04\/278168214_5228522350502212_7809900624382138397_n.jpg\" alt=\"\" width=\"640\" height=\"640\" srcset=\"https:\/\/www.barbaralust.at\/wp-content\/uploads\/2022\/04\/278168214_5228522350502212_7809900624382138397_n.jpg 640w, https:\/\/www.barbaralust.at\/wp-content\/uploads\/2022\/04\/278168214_5228522350502212_7809900624382138397_n-300x300.jpg 300w, https:\/\/www.barbaralust.at\/wp-content\/uploads\/2022\/04\/278168214_5228522350502212_7809900624382138397_n-150x150.jpg 150w\" sizes=\"auto, (max-width: 640px) 100vw, 640px\" \/><\/p>\n<p><iframe loading=\"lazy\" title=\"Teaser: \u201eWorkout mit Step Folge 15, 90 Minuten\u201c\" width=\"580\" height=\"326\" src=\"https:\/\/www.youtube.com\/embed\/0g52-Ueo6Lw?feature=oembed\" frameborder=\"0\" allow=\"accelerometer; autoplay; clipboard-write; encrypted-media; gyroscope; picture-in-picture; web-share\" referrerpolicy=\"strict-origin-when-cross-origin\" allowfullscreen><\/iframe><\/p>\n","protected":false},"excerpt":{"rendered":"<p>Der 90-Minuten-Klassiker mit dem Step. Hier\u00a0geht es zur 60-Minuten-Version. Cardio-Training mit dem Step (Freestyle, Intervalle, basic Choreos), anschliessend \u00dcbungen im Stehen, Floorwork, kurzer Stretch. F\u00fcr die \u00dcbungen verwende ich den [&hellip;]<\/p>\n","protected":false},"author":1,"featured_media":0,"parent":0,"menu_order":0,"comment_status":"closed","ping_status":"closed","template":"","meta":{"footnotes":""},"class_list":["post-3246","page","type-page","status-publish","hentry"],"_links":{"self":[{"href":"https:\/\/www.barbaralust.at\/index.php?rest_route=\/wp\/v2\/pages\/3246","targetHints":{"allow":["GET"]}}],"collection":[{"href":"https:\/\/www.barbaralust.at\/index.php?rest_route=\/wp\/v2\/pages"}],"about":[{"href":"https:\/\/www.barbaralust.at\/index.php?rest_route=\/wp\/v2\/types\/page"}],"author":[{"embeddable":true,"href":"https:\/\/www.barbaralust.at\/index.php?rest_route=\/wp\/v2\/users\/1"}],"replies":[{"embeddable":true,"href":"https:\/\/www.barbaralust.at\/index.php?rest_route=%2Fwp%2Fv2%2Fcomments&post=3246"}],"version-history":[{"count":17,"href":"https:\/\/www.barbaralust.at\/index.php?rest_route=\/wp\/v2\/pages\/3246\/revisions"}],"predecessor-version":[{"id":31763,"href":"https:\/\/www.barbaralust.at\/index.php?rest_route=\/wp\/v2\/pages\/3246\/revisions\/31763"}],"wp:attachment":[{"href":"https:\/\/www.barbaralust.at\/index.php?rest_route=%2Fwp%2Fv2%2Fmedia&parent=3246"}],"curies":[{"name":"wp","href":"https:\/\/api.w.org\/{rel}","templated":true}]}}