{"id":6751,"date":"2022-06-19T11:11:37","date_gmt":"2022-06-19T09:11:37","guid":{"rendered":"https:\/\/www.barbaralust.at\/?page_id=6751"},"modified":"2026-01-22T22:14:57","modified_gmt":"2026-01-22T21:14:57","slug":"meine-eigenen-stunden-selbststaendig-organisiert","status":"publish","type":"page","link":"https:\/\/www.barbaralust.at\/?page_id=6751","title":{"rendered":"Meine eigenen Stunden (selbstst\u00e4ndig organisiert)"},"content":{"rendered":"<p><em>F\u00fcr diese Stunden miete ich mich selbst in Sportst\u00e4tten ein, <strong>die Bezahlung erfolgt ausschliesslich \u00fcber mich, es gibt keine Mitgliedschaften oder Beschr\u00e4nkungen<\/strong>.<\/em><\/p>\n<p>Es gelten <strong>meine <\/strong><a href=\"https:\/\/www.barbaralust.at\/?page_id=100\"><strong>Preise<\/strong><\/a>.<\/p>\n<p>Derzeit unterrichte ich folgende von mir selbst organisierte Einheiten:<\/p>\n<p><strong><a href=\"https:\/\/www.barbaralust.at\/?page_id=28309\">Workout @ Sportcenter Praterstern \u2013 Montag 18:00-19:30<\/a> <\/strong>(ganzj\u00e4hrig)<\/p>\n<p><img loading=\"lazy\" decoding=\"async\" class=\"alignnone wp-image-30166 size-full\" src=\"https:\/\/www.barbaralust.at\/wp-content\/uploads\/2024\/08\/IMG_0306.jpg\" alt=\"\" width=\"750\" height=\"750\" srcset=\"https:\/\/www.barbaralust.at\/wp-content\/uploads\/2024\/08\/IMG_0306.jpg 750w, https:\/\/www.barbaralust.at\/wp-content\/uploads\/2024\/08\/IMG_0306-300x300.jpg 300w, https:\/\/www.barbaralust.at\/wp-content\/uploads\/2024\/08\/IMG_0306-150x150.jpg 150w\" sizes=\"auto, (max-width: 750px) 100vw, 750px\" \/><\/p>\n<p>&nbsp;<\/p>\n","protected":false},"excerpt":{"rendered":"<p>F\u00fcr diese Stunden miete ich mich selbst in Sportst\u00e4tten ein, die Bezahlung erfolgt ausschliesslich \u00fcber mich, es gibt keine Mitgliedschaften oder Beschr\u00e4nkungen. Es gelten meine Preise. Derzeit unterrichte ich folgende [&hellip;]<\/p>\n","protected":false},"author":1,"featured_media":0,"parent":0,"menu_order":0,"comment_status":"closed","ping_status":"closed","template":"","meta":{"footnotes":""},"class_list":["post-6751","page","type-page","status-publish","hentry"],"_links":{"self":[{"href":"https:\/\/www.barbaralust.at\/index.php?rest_route=\/wp\/v2\/pages\/6751","targetHints":{"allow":["GET"]}}],"collection":[{"href":"https:\/\/www.barbaralust.at\/index.php?rest_route=\/wp\/v2\/pages"}],"about":[{"href":"https:\/\/www.barbaralust.at\/index.php?rest_route=\/wp\/v2\/types\/page"}],"author":[{"embeddable":true,"href":"https:\/\/www.barbaralust.at\/index.php?rest_route=\/wp\/v2\/users\/1"}],"replies":[{"embeddable":true,"href":"https:\/\/www.barbaralust.at\/index.php?rest_route=%2Fwp%2Fv2%2Fcomments&post=6751"}],"version-history":[{"count":61,"href":"https:\/\/www.barbaralust.at\/index.php?rest_route=\/wp\/v2\/pages\/6751\/revisions"}],"predecessor-version":[{"id":31624,"href":"https:\/\/www.barbaralust.at\/index.php?rest_route=\/wp\/v2\/pages\/6751\/revisions\/31624"}],"wp:attachment":[{"href":"https:\/\/www.barbaralust.at\/index.php?rest_route=%2Fwp%2Fv2%2Fmedia&parent=6751"}],"curies":[{"name":"wp","href":"https:\/\/api.w.org\/{rel}","templated":true}]}}